16 = 0. Calculate the greatest common factor of m and 19.
19
Let r be (2 - (-224)/12)*12. What is the highest common divisor of r and 31?
31
Suppose -18 = -11*y + 5*y. What is the greatest common factor of y and 27?
3
Let c(f) = 2*f + 2. Let v be (2*9/(-6))/(-1). Let q be c(v). Let i = -2 + 4. What is the greatest common divisor of q and i?
2
Suppose -4*h + 2*d + 32 = 6*d, 0 = 5*h + d - 40. Calculate the greatest common factor of h and 16.
8
Suppose -3*o + s = -86, 0*o + s = -2*o + 49. Calculate the highest common factor of 18 and o.
9
Suppose 3*r = -0*r + 3*s + 60, 15 = -5*s. What is the highest common divisor of r and 85?
17
Let a be 165/(-2)*2/9*-3. What is the highest common divisor of a and 11?
11
Let i(x) = x - 3. Let f be i(5). Let z = f + -2. Suppose s - 5*s + 24 = z. Calculate the highest common divisor of s and 9.
3
Let d = -35 + 59. Let s be -3*(-2 + -1 - -2). What is the highest common factor of d and s?
3
Let u be (-4 + (-39)/(-12))*-8. Calculate the highest common factor of 15 and u.
3
Let h be (5 + -2)*380/6. What is the greatest common factor of h and 76?
38
Suppose -1 = v - 5. Suppose -v*f - 1 + 9 = 0. Suppose -f*w = -4*d - 40, -5*w + d = 2*d - 67. Calculate the highest common divisor of 35 and w.
7
Let a be 70/6 - 8/12. Calculate the highest common factor of a and 22.
11
Let n = -7 + 18. Suppose -2*m = m, 4*x - 396 = -3*m. What is the highest common divisor of x and n?
11
Let b(o) = o**2 - 9*o - 9. Let m be b(7). Let h be (-1 - -2)*(1 - m). Suppose a + 3*a = h. Calculate the highest common divisor of a and 18.
6
Suppose 4*j + b = 3, 15 = j - 5*j + 5*b. Let u = 1 - j. Let d be u + -2 + 6 + 0. Calculate the greatest common divisor of 25 and d.
5
Let a be (-1)/3*0 + 6. Suppose a*o = 3*o + 9. Calculate the highest common divisor of o and 9.
3
Let g be ((-38)/(-6))/((40/(-15))/(-8)). What is the highest common factor of 76 and g?
19
Let c(z) = -6*z - 4. Let b(y) = -3 + 3 + y + 1. Let v be b(-5). Let u be c(v). What is the greatest common factor of 4 and u?
4
Let y = -9 + 25. Let d = -607 + 1137. Let c be d/3 + (-4)/6. Calculate the highest common factor of c and y.
16
Suppose 4*x - 83 - 11 = -2*w, 112 = 5*x - 3*w. What is the greatest common factor of 23 and x?
23
Let l = -3 + -6. Let q be (-32)/(-80) - 176/(-10). Let f = q + l. Calculate the greatest common divisor of f and 72.
9
Suppose d - 2*c - 41 = 0, -5*d - 34 = c - 206. What is the highest common divisor of 14 and d?
7
Let w(a) = a**2 - 11*a + 13. Let q be w(10). Suppose q*c + 159 = 2*z + z, 4*z - 5*c = 215. Calculate the highest common divisor of z and 10.
10
Suppose 2*q = 4*q - 20. Let c be 0 + (42 - (-2)/(-1)). Calculate the greatest common factor of q and c.
10
Let g = 20 - 10. Calculate the highest common factor of g and 10.
10
Let m be 339/3 + 1 + 0. Let z(q) = q**3 - 6*q**2 - 6*q + 12. Let i be z(7). What is the highest common divisor of i and m?
19
Suppose -18 = -c + 9. Let s = c - 12. Let u(q) = 3*q**3 - 5*q**2 + 6*q - 1. Let b be u(4). What is the highest common factor of s and b?
15
Suppose u + 3*u = 252. Calculate the highest common divisor of u and 9.
9
Let k(p) = -p**3 - 7*p**2 - 4*p + 7. Let i be k(-5). Let l = i + 50. Let b = 18 + -9. What is the greatest common factor of b and l?
9
Suppose -3*n + 5*n = 4. Suppose -a + 9 = n. Calculate the highest common divisor of a and 1.
1
Suppose 3*y + 0*y - 3 = 0. Let g(i) = -i**2 - 11*i - 7. Let l be g(-10). Let x = -2 + l. Calculate the highest common divisor of y and x.
1
Let m(x) = 127*x - 1. Let a be m(2). Let k be ((-46)/4)/(1 + (-21)/14). Calculate the greatest common divisor of a and k.
23
Suppose 3*b + 2*b = 4*u - 8, b = -2*u + 4. Let y(k) = 5*k**3 + 2*k**2 - 2*k. Let h be y(u). Let c = -10 - -14. What is the greatest common divisor of h and c?
4
Let s(k) = 4*k + 22. Let m be s(4). Calculate the greatest common divisor of m and 342.
38
Suppose -4*d + 1 = v - 0*v, -4*v - 2*d = 10. Suppose 0 = -3*t - 16 + 1. Let s = v - t. What is the greatest common divisor of 2 and s?
2
Let k be 2/8 - (-31)/4. Suppose -4*a = 4*o - 24, 4*a = -3*o + o + 8. Calculate the greatest common factor of o and k.
8
Suppose 4 = 5*d - 6. Suppose -d*n + 1 = -5. What is the greatest common divisor of n and 21?
3
Suppose 5*p - 125 = -5*i, 272 - 102 = 5*p - 4*i. Let k be 132*4/p*5. Suppose 3*u - k - 20 = 0. Calculate the highest common divisor of 9 and u.
9
Let k(x) = x**2 + 3*x + 4. Let m be k(-4). Suppose -4*h = -32 - 0. What is the greatest common factor of h and m?
8
Let p(v) = 21*v**2 - 3*v + 2. Let m be p(2). Let o(d) = -d**3 + d**2 + d + 11. Let u be o(0). Let g = 21 - u. Calculate the highest common factor of g and m.
10
Let j be 4 - ((-2)/(-2) - 1). Calculate the highest common divisor of j and 12.
4
Let o(c) = -c + 14. Let b be o(13). Suppose -2*p + 5*p = 3. What is the highest common factor of p and b?
1
Let h = -26 - -80. What is the highest common divisor of h and 36?
18
Suppose 6*c - 3 = 5*c. Suppose -5*i + 2*i = -2*s - 15, -15 = -c*i + 3*s. What is the highest common factor of 45 and i?
5
Suppose 0 = i + i - j - 10, 22 = 4*i - j. Let y = 16 + i. Let n = 46 + -24. Calculate the greatest common factor of y and n.
22
Suppose 21 = -10*q + 13*q. Let v(y) = y + 7. Let a be v(0). What is the highest common divisor of q and a?
7
Let k(u) = -2*u**3 + 3*u**2 + 9*u. Let i be k(-4). Calculate the highest common factor of i and 28.
28
Let h(s) = 2*s - 1. Let a = 9 + -8. Let t be ((-2)/8)/a*-4. Let o be h(t). Calculate the greatest common divisor of 5 and o.
1
Suppose -5*d + 105 = 2*l + 2*l, -3*l - 70 = -5*d. What is the greatest common factor of 102 and d?
17
Let c(n) = n**2 - 7*n. Let w be c(6). Let v = 0 - w. Calculate the highest common factor of v and 6.
6
Suppose f + 252 = 4*f. Let k be f/10 + 4/(-10). What is the highest common factor of k and 8?
8
Let r(f) = f**2 - 7*f - 9. Let x be r(8). Let u = 17 - x. Suppose 3*g = -4*j + u, -5*g + 5*j + 32 = 2. Calculate the highest common factor of g and 48.
6
Suppose 2*c + 3 = 17. Suppose 4 + 4 = -4*i. Let m be (22/(-3))/(i/21). What is the highest common divisor of c and m?
7
Let n(c) = -c**2 + 12*c - 16. Let r be n(11). Let k = 11 + r. Calculate the highest common factor of k and 12.
6
Let f be ((-9)/(-12))/(2/16). Suppose -f*q = -2*q - 32. What is the greatest common divisor of 8 and q?
8
Suppose q - 21 = 11. What is the greatest common divisor of q and 4?
4
Let q be (5 - 1)*28/4. Calculate the highest common divisor of 70 and q.
14
Let u = -262 + 274. Let k be -1 + 0 - (0 + -61). Calculate the greatest common factor of k and u.
12
Let r(z) = -z**3 + 8*z**2 + 10*z + 6. Let t be r(9). Suppose -n = 3, 3*n = -h + 4*n + t. Calculate the highest common divisor of 18 and h.
6
Let x(p) = 47*p**3 + p**2 + p - 1. Let c be x(1). What is the greatest common factor of 32 and c?
16
Let o = 9 + -5. Suppose -j - 3*j = 5*a - 5, -o*a = -4*j - 40. Calculate the highest common divisor of 45 and a.
5
Let i = 47 - 25. Let n = i - 12. What is the highest common factor of n and 80?
10
Suppose -3*l = 2*n - 16, 0 = -n - 3*n - 4*l + 28. Suppose n*r = -11 + 151. Let f = 10 - 6. What is the highest common divisor of f and r?
4
Suppose 3*u - 6*u + 252 = 0. Suppose -6*f = -7*f + u. What is the greatest common factor of 12 and f?
12
Let v = 18 - 7. Calculate the greatest common divisor of v and 11.
11
Let f(t) = t. Let b be f(7). Suppose -3*k - 13 = -5*r + 2, -3*k - 15 = 0. Let n = r + b. What is the highest common divisor of 63 and n?
7
Let a be 2*(-28)/(-8)*2. Calculate the highest common divisor of 63 and a.
7
Let c = 0 + 2. Suppose -5*t = 4*q - 243, -c*t + 0*q + 3*q = -88. Suppose t = 3*x - 2*x - p, -191 = -4*x + p. Calculate the highest common divisor of 16 and x.
16
Let c(b) = -3*b + 1. Let d be c(-2). What is the greatest common factor of 77 and d?
7
Suppose 4*y = 12, -2*f + 3*f + 5*y = 20. What is the highest common factor of 1 and f?
1
Suppose 0 = -z + 3*c - 25, -3*z + c - 10 = 5*c. Let m be (-1536)/z - 10/(-25). Let q(u) = -u + 14. Let o be q(0). What is the highest common factor of m and o?
14
Let g be 510/14 - 12/28. What is the greatest common divisor of g and 108?
36
Suppose 0*y + 4*x = 3*y - 3, -2*y - 2 = -4*x. Suppose 5*f + 10 - 240 = 0. Suppose 0 = y*w - f - 29. Calculate the greatest common divisor of